z = -7 + 7. Let c be (-4)/(z + 2 - 3). Let m = 20 - c. What is the tens digit of m?
1
Let d(u) = -u**2 + 2*u + 225. What is the units digit of d(0)?
5
Suppose 5*s = 4*a + 10, -4*s - 2*a = -2*s + 14. Let t be ((-8)/(-10))/(s/(-10)). Let p(q) = q**3 - 5*q**2 + 4*q + 5. What is the units digit of p(t)?
5
Let l(q) = -4*q - 1. Let y be l(-1). Let p(t) = t**2 + 2*t - t + y*t**2. What is the units digit of p(1)?
5
Let u = -14 - -7. Let j = -6 - u. What is the units digit of j?
1
Let a(r) = r**2 + 7*r + 5. Let i be a(-5). Let p be -6 - i - (-4 + -1). Let n = p - 2. What is the units digit of n?
2
Suppose -2*i = 3*i - 2*n - 15, 0 = i - 4*n - 21. Let t be (11/(-4))/(i/4). Let z = 16 + t. What is the units digit of z?
5
Let y = 11 - 5. Let h(w) be the second derivative of w**4/12 - w**3 + 2*w**2 + w. What is the units digit of h(y)?
4
Suppose -5*r = -5*y + 90, -3*y + 3*r - 2*r + 60 = 0. What is the tens digit of y?
2
Suppose -3*x + 72 = -x. Suppose 0 = 3*v - h - x, v - 2*h + 6*h - 12 = 0. What is the tens digit of v?
1
Suppose 5*g - 2*g - 69 = 0. What is the tens digit of g?
2
Let a be -1*(-3 + 1) - 0. Suppose -3*n - n = -32. Suppose -u + 3 = a*o + 12, -o - n = -3*u. What is the units digit of u?
1
Suppose 5*o - 30 = -2*j, -5*j = -5*o - 3 - 2. Let h = j + -3. Suppose -h*g + 5*g = 9. What is the units digit of g?
3
Let a(y) = 27*y**2 - y - 1. What is the units digit of a(-1)?
7
Let r(v) = v**2 - 5*v - 1. Let s be r(-5). Let a = s - 19. What is the units digit of a?
0
Let f = 15 - 8. What is the units digit of f?
7
Suppose d + 4*d = h + 328, 62 = d + h. What is the tens digit of d?
6
What is the units digit of -1 - 5/6*2*-36?
9
Suppose -13 - 2 = 3*p, -5*u + 3*p = -30. What is the units digit of 6/(9/u) - -3?
5
Let u = 9 + -7. Suppose u*q + q = 93. What is the tens digit of q?
3
Let v = 41 + 31. Suppose q - s = 2*q - 26, 3*q - v = -s. What is the units digit of q?
3
Let l be (-26)/3*9/(-2). Let a = l - 15. Suppose -5*d + 28 = 3*v, 2*d - 4*v + a = 7*d. What is the units digit of d?
8
Suppose p = -2*p - 12. Let f(q) = -2 - 2*q + 5 + 4*q**2 - 1 + q**3. What is the tens digit of f(p)?
1
Suppose -15 = f + v + 3*v, 0 = -f - 3*v - 10. Suppose 40 = 2*b - 2*x, -f*x = 3*b + 2 - 62. What is the tens digit of b?
2
Let x(i) = 34*i**3 - 2*i**2 - i + 4. What is the tens digit of x(2)?
6
Let f be ((-4)/6)/((-6)/261). Let z = -11 + f. What is the tens digit of z?
1
Let p(j) = 2*j**2 - j + 1. Let l be p(1). Let o = -32 - -23. Let b = l - o. What is the units digit of b?
1
Let f(j) = j + 1. Let u(t) = -13*t - 10. Let y(n) = -22*f(n) - 2*u(n). Let g(d) = d**2 - d - 1. Let k be g(3). What is the units digit of y(k)?
8
Let s = 37 + -21. What is the units digit of s?
6
Suppose 2*h - 4*h - 12 = -4*p, 5 = 5*p. Let a = 17 - 7. What is the units digit of (-5)/a*h/2?
1
What is the units digit of 18/(-30) + (-316)/(-10)?
1
Let z(q) = q**3 - 2*q**2 - q - 4. Let f be z(3). Let u be (-3 + 3)/(f + -1). Suppose 33 = 3*c - 4*i, u = c - i + 1 - 11. What is the units digit of c?
7
Let c be ((-12)/(-5))/((-4)/(-20)). What is the units digit of (1/(-3))/((-4)/c)?
1
Suppose 0 = -0*l + 5*l - 10. Suppose l*g + 4*u + 20 = 0, -5*g - 2*u - u = 15. Suppose g*z + 2*z - 20 = 0. What is the tens digit of z?
1
Let h(g) = -g**3 + 5*g**2 + 7*g - 9. Let x be h(6). What is the tens digit of 28/x*(-3)/2?
1
Suppose 4*t - 15 = 17. Suppose x = t - 3. Suppose 2*l + 2*l - x = w, 0 = -5*w - 4*l + 71. What is the units digit of w?
1
Let m(v) be the third derivative of -1/3*v**3 + 0*v + v**2 + 0 + 1/12*v**4. What is the tens digit of m(7)?
1
Suppose -74 = -3*k + k. What is the tens digit of k?
3
Suppose 0 = -3*i - 2*b - 6, 5*i + 0*b = -3*b - 11. What is the units digit of 6 + i + (1 - -6)?
9
Suppose 2*v = -0*v. Let d = 4 - v. Suppose d*w + 21 = 65. What is the units digit of w?
1
Suppose -2*z - 19 = -6*z + 3*y, -5*y - 17 = -3*z. Let p be (-4)/6*(1 - z). Suppose -c - 4*t = -0*c + 14, 17 = p*c - t. What is the units digit of c?
6
Let p(v) = -v**3 + 5*v**2 + 6*v + 6. Let k be p(6). Let n = k + -3. What is the units digit of n?
3
Let k = 156 - 241. Let n = k - -120. What is the tens digit of n?
3
Suppose 3*r + 5*t = 7*r - 113, -r - 5*t = -47. What is the units digit of r?
2
What is the tens digit of (-42 + 7 - -5)/(1/(-5))?
5
What is the tens digit of (-42)/(-35)*(-570)/(-9)?
7
Let w be (4 - (3 - 2)) + -7. Let n(i) = i**2 - i - 2. What is the units digit of n(w)?
8
Let b = -6 + 6. Suppose b = k - 4 - 7. Suppose -u = -0*u - k. What is the units digit of u?
1
Let a(q) = 6*q**2 + q. Suppose -5*d + 10 = -2*b - d, 4*d = 8. Let u = b - -2. What is the units digit of a(u)?
7
What is the units digit of (162 + -2)*(2 + 8/(-5))?
4
What is the hundreds digit of 10/(-2)*1566/(-45)?
1
Let w(g) = 2*g**3 - g**2 + g + 1. Let b(i) = -i**2 + i + 2. Let n be b(0). What is the tens digit of w(n)?
1
Let r(u) = -u**3 - 2*u**2 + 3*u - 4. Let j be r(-3). Let v = j - -14. Suppose g - 4*b = -1 + v, 4*g + b - 36 = 0. What is the units digit of g?
9
Suppose -2*y + 3*y - 5 = 0. Let u(v) = -3*v - 4 + 5*v**2 - 3*v**2 - v**2. What is the units digit of u(y)?
6
Let v(y) = 5*y**2 - 5*y. What is the units digit of v(-5)?
0
Let z(l) = -l + 10. Suppose -2 + 0 = t. Let i be (2 - (0 - t))/1. What is the tens digit of z(i)?
1
Let a(o) = -141*o - 11. What is the tens digit of a(-3)?
1
Let l = 221 - 119. What is the units digit of l?
2
Let m = -6 - -10. Suppose m*n - 50 = -14. What is the units digit of n?
9
Let c = 9 + -7. What is the tens digit of c/16 + (-175)/(-8)?
2
Let d = -2 + 7. Let y = -1 - -4. Suppose 4*k = 4*b - 12, -y*b - d*k + 27 = -b. What is the units digit of b?
6
Let x = 85 + -40. Suppose -4*v = -2*v - 5*w - 31, -2*v + 4*w + 26 = 0. Suppose v*y - x = -2*y. What is the units digit of y?
9
Suppose -5*n + 40 = 2*t + 3*t, t = -3. What is the tens digit of n?
1
Suppose -s = 15 - 53. Let d(p) = -p + 1. Let f be d(3). What is the units digit of (s/(-1))/(4/f)?
9
Suppose 6*j + 15 = j. What is the units digit of j/4*(-23 - 1)?
8
Let q(k) = -44*k - 7. What is the tens digit of q(-3)?
2
Suppose 115 - 19 = 4*f. What is the units digit of f?
4
Suppose 4*q + 28 = 3*r, -4*q - q = -4*r + 37. Suppose -2*u - r = 5*d - 2*d, -1 = 3*d - 5*u. What is the units digit of (-1)/(-3)*(4 - d)?
2
Suppose -3*b = 3, 3*q + 0*q - 25 = b. Suppose -3*g - 80 = -q*g. What is the units digit of g?
6
Let v(i) = 8*i**2 + i + 3 - 5 + i. What is the units digit of v(1)?
8
Let a(t) = t**3 - 4*t**2 + 5*t - 4. Let g be a(3). Let m = g - 2. What is the units digit of (14/6 - m)*6?
4
Let x(n) be the third derivative of n**6/120 + n**5/60 - n**4/24 + 29*n**3/3 + 10*n**2. What is the units digit of x(0)?
8
Let i = -1 - -3. Let k(t) = t**3 - 2*t**2 + 2*t. What is the units digit of k(i)?
4
Suppose -16 = -5*m - 1. Let u be 18/(m/(9/6)). Let b(t) = -t**3 + 10*t**2 - 8*t + 5. What is the units digit of b(u)?
4
Suppose 0*i + 505 = 5*i. What is the tens digit of i?
0
Let v be (1 - (1 - -4))*-2. Suppose u - 3 = 4. Suppose -u*j + v = -3*j. What is the units digit of j?
2
Suppose -2*t + 26 = x, 5*x + 2*t - 135 + 21 = 0. What is the units digit of x?
2
Let u(b) = -b**3 + 8*b**2 + 2*b - 11. Let t be u(8). Suppose -t*p = -l + 6*l - 115, 2*p - 3*l - 26 = 0. Let y = -12 + p. What is the units digit of y?
7
Suppose 0 = 5*t - 6*c + 10*c - 680, 0 = t - c - 127. What is the tens digit of t?
3
Let t(o) = o - 2. Let p = -5 + 9. What is the units digit of t(p)?
2
Let v = 3 - -30. What is the units digit of v?
3
Let f(j) = -2*j**3 - 6*j**2 + 3*j + 43. What is the units digit of f(-7)?
4
Let p = -2 - -4. Suppose -5 = -j - p. Suppose -2*n + j = -n. What is the units digit of n?
3
Let y(l) = l**2 + l - 2. Let w be y(-2). Let t(s) = s**3 - s**2 + s + 10. What is the tens digit of t(w)?
1
Suppose 2*f = -d - 12, 3*d + 2*f + 9 = -7. Let z(t) = t + 15. Let g be z(-7). Let c = g + d. What is the units digit of c?
6
Let p(g) = 8*g + 8 - 2*g**2 + 5*g**2 - 2*g**2. What is the tens digit of p(-9)?
1
What is the tens digit of 25/20 - 1655/(-20)?
8
Let g(x) = x**3 + 9*x**2 - 11*x - 9. Let h be g(-10). Let o = h - -8. What is the units digit of o?
9
Let i = -49 - -75. Let q = i - -1. Let u = q - 18. What is the units digit of u?
9
Let z(i) = 39*i + 17. What is the units digit of z(4)?
3
Let r = -8 - -11. Suppose r*b + 25 = 5*k,